n?
35
Let d = 80 - 52. Suppose d + 2 = 6*h. Suppose 0 = 7*n - h*n - 10. Calculate the remainder when 14 is divided by n.
4
Let s be -10 - -8 - 1*-6. Suppose 5*w + 2*d - 9 = 0, -s*w + d = -0*d - 15. Let h(x) = 4*x + 4. Calculate the remainder when 47 is divided by h(w).
15
Let z(g) = g**3 - 20*g + 3. Let l = -87 - -83. What is the remainder when 93 is divided by z(l)?
17
Suppose 0 = -m - 1, -2*g - 5*m - 41 = -4*g. Calculate the remainder when 60 is divided by g.
6
Calculate the remainder when 456 is divided by (15/(-4) - 3/12) + 31.
24
Let u be 7434/49 - 4/(-14). Calculate the remainder when 110 is divided by 1*4*u/16.
34
Suppose 137 = 11*l + 115. Let n be 1 + (1 - 12/(-1)). Let p = n - l. What is the remainder when 32 is divided by p?
8
Suppose 0 = 5*w + 2*u - 1089, -2*w - 15*u = -19*u - 426. What is the remainder when w is divided by 109?
108
Suppose k = 6 + 7. Suppose 341 = 5*v + 2*d + 118, 2*v - 2*d - 92 = 0. Let h = -11 + v. Calculate the remainder when h is divided by k.
8
Suppose 0 = -2*s - 3*t + 95, -4*s + 51 = 3*t - 148. What is the remainder when s is divided by 33?
19
Let j be 28/(-10) - (-1)/(-5) - -3. Suppose j = -0*w + w + 4*g - 29, -211 = -5*w + 2*g. What is the remainder when 120 is divided by w?
38
Suppose -2 = 5*h + 8. Let y(u) = -u**3 - 4*u**2 - 2*u + 1. Let m be y(h). Calculate the remainder when 168/m*(-1)/2 is divided by 10.
8
Suppose -14*k + 9*k = -150. Let i = 52 - k. Calculate the remainder when 151 is divided by i.
19
Let b(u) = -u**3 + 5*u**2 - 2*u + 5. Let f be ((-6)/(-4))/((-25)/(-50)). Calculate the remainder when b(f) is divided by 6.
5
Suppose -2*r + 0*r = -70. Let y(a) = 6*a**2 + 2*a - 2. Suppose 4*i - 3*i = 5*x + 8, 4 = -4*i + 2*x. What is the remainder when r is divided by y(i)?
17
Suppose -12*d + 28 + 56 = 0. Let i(p) = 11*p + 1. What is the remainder when i(2) is divided by d?
2
What is the remainder when (51/6)/(8/1664*8) is divided by 4?
1
Suppose -30 + 42 = -3*z. Let x be 3 - 0/1 - z. Suppose 2*k - o - 25 = 0, k - x = 3*o + 13. What is the remainder when 41 is divided by k?
8
Let r = 8 - -6. Suppose -1 = w - r. Let p = -31 - -53. Calculate the remainder when p is divided by w.
9
Suppose 15 = 3*q, -5*q + 4*q = -2*m + 57. Let h = -3 + -12. What is the remainder when h/((-5)/1)*82/2 is divided by m?
30
Let j = -52 - -32. What is the remainder when 42 is divided by (-212)/j - 6/(-15)?
9
Suppose y = -2*y + 24. Calculate the remainder when 20 is divided by y.
4
Suppose -5*f - 11 = -111. Let u = -102 - -59. Let i = u + 82. Calculate the remainder when i is divided by f.
19
Suppose 3*c + 4*r - 109 = 0, 3*r + 192 = 4*c - r. Calculate the remainder when c is divided by 8.
3
Suppose 0 = -3*l - 4*x - 6 + 19, -8*x - 40 = 0. What is the remainder when 41 is divided by l?
8
Suppose 151 = 4*u - 5*l, l + 4*l = -3*u + 87. Let m = 1 - -1. Suppose 0*q = -q + i + 136, 4*q - 538 = m*i. What is the remainder when q is divided by u?
31
Let f(w) = w**3 - 5*w**2 - 3*w - 10. What is the remainder when 117 is divided by f(6)?
5
Suppose -13 = -3*h + 2. Suppose h*a + a = 0. Suppose -2*c + 86 - 20 = a. Calculate the remainder when c is divided by 18.
15
Let j = -244 + 308. Calculate the remainder when 187 is divided by j.
59
Let f(m) = m**2 + 2*m + 19. Calculate the remainder when f(0) is divided by 5.
4
Let j = 735 + -661. Calculate the remainder when j is divided by 13.
9
Suppose -3*j - 6 = 0, -3*i - 5*j - 6 = -80. Let l = -14 + 18. Calculate the remainder when 3 + (-8)/l*-53 is divided by i.
25
Let k(j) = -3*j**2 - 7*j - 8. Let b be k(-4). Let z = 19 - b. What is the remainder when z is divided by 12?
11
Let w(k) = -k**2 + 9*k + 3. Let u(t) = t. Let o(n) = -2*u(n) - w(n). Let b(h) = 11*h**2 + 1. Let r be b(-1). Calculate the remainder when 35 is divided by o(r).
8
Let t(l) = -l - 1. Let u(j) = -18. Let g(v) = -24*t(v) + u(v). What is the remainder when 215 is divided by g(2)?
53
Let r be 4/16 + 6555/(-12). What is the remainder when r/(-10) + 3 + (-26)/10 is divided by 14?
13
Suppose -2*j - 2*j = -296. Suppose 0 = 7*t - 255 - j. Calculate the remainder when t is divided by 6.
5
Suppose -2*a = -5*n - 553, -24*a = -27*a - 4*n + 864. Calculate the remainder when a is divided by 30.
14
Let b = 31 + -16. What is the remainder when 609/b + (-10)/(-25) is divided by 22?
19
Let z = 1567 + -262. Calculate the remainder when z is divided by 12.
9
Suppose 0 = 2*j + 2. Let i be (38/8)/(j/(-4)). Let q = 31 - i. What is the remainder when 22 is divided by q?
10
Let v(p) = -16*p**3 - 2*p**2 + 2*p. Let s be v(2). Let a(l) = -4*l. Calculate the remainder when s/(-8)*8/6 is divided by a(-3).
10
Let u be (-5)/(-2)*(-108)/30. Let o = -7 - u. Suppose 28 = 2*t - o*f - f, 2*t - f = 28. Calculate the remainder when t is divided by 4.
2
Suppose 0 = 10*d - 5*d - 555. Let z = -89 - -127. What is the remainder when d is divided by z?
35
What is the remainder when 219/2*(17/3 + -5) is divided by 42?
31
Suppose b - 5*g - 41 = 0, 2*b = -3*b - 3*g + 65. Let l(o) = 4 - o + 3 + 9 + 6. Calculate the remainder when b is divided by l(13).
7
Let z be (3/(-2))/(3/(-8)). Let c(a) = 7*a**3 - 8*a**2 + 3*a - 4. Let u be c(2). Suppose -2*j = -z*j + u. Calculate the remainder when 38 is divided by j.
12
Suppose 5*c = -5*s + 15, -5*s = -2*c - 18 + 3. Suppose c = -3*n - 2*u + 345, u = -0*u. What is the remainder when n is divided by 39?
37
Let w(o) = 200*o - 315. What is the remainder when w(4) is divided by 82?
75
Let y(w) = w**3 + 4*w**2 - 14*w + 3. Calculate the remainder when y(-6) is divided by 6/(-4)*(-3 - 1).
3
Let c(m) = -6*m - 3. Let x be c(-2). What is the remainder when (-31 + x)/((-2)/3) is divided by 12?
9
Let p = 205 + -192. Let z be 2/7 + (-66)/(-14). What is the remainder when 5*z + 0/(-4) is divided by p?
12
Let f(v) = -12*v**2 + 6. Let p(a) = a**2 + 1. Let t(u) = f(u) - 6*p(u). Let s be t(1). What is the remainder when (-3 - s/3) + 3 is divided by 4?
2
Let i(l) = -2*l**2 - 9*l - 11. Let b be i(-6). Let c = 39 + b. Calculate the remainder when 19 is divided by c.
9
Let g = -6 - -10. Let n = 41 - 35. Suppose 156 = g*h + z - n*z, -4*h = -2*z - 156. Calculate the remainder when h is divided by 10.
9
Suppose -26 - 390 = -4*w. Suppose k + 101 = 3*a + 23, -4*a + 2*k + w = 0. What is the remainder when a is divided by 3?
2
Let c = 10 + -10. Suppose c*y + 3*y = 39. Let f(u) = 4*u**2 + 3*u - 3. What is the remainder when f(-4) is divided by y?
10
Calculate the remainder when 187 is divided by 2/(-5) + (-1560)/(-150).
7
Suppose -28*j - 469 = -3325. Calculate the remainder when 509 is divided by j.
101
Let r(h) = h**2 - 18*h + 25. Let y be r(17). Let u(o) = 2*o**2 - 11*o + 3. Calculate the remainder when u(y) is divided by 15.
13
Let w(y) = y**3 + 20*y**2 - 49*y - 32. What is the remainder when w(-22) is divided by 28?
22
Let u = -8 + 23. Suppose 5*o - 26 = -1. Suppose k - 4*g - o = 68, -5*k = -2*g - 293. What is the remainder when k is divided by u?
12
Let o be (-44)/(-33)*1/(-2)*-3. Suppose -o*x = i - 19 + 4, i - 10 = -x. What is the remainder when 34 is divided by i?
4
Let y be 9/2 + 13/(-26). Suppose m - 21 = -5*w, y*m + 3*w + 23 = 56. Suppose 12 = 4*x - x. What is the remainder when m is divided by x?
2
Let o(y) = 4*y**3 - 2*y**2 + 16*y + 3. Calculate the remainder when o(3) is divided by 50.
41
Let l(w) = w**3 - 3*w**2 + 2*w - 2. Let t be l(2). Calculate the remainder when 19 is divided by t + -6*8/(-4).
9
Let s(x) = 3*x - 14. Let u be 16/12*(-126)/4. What is the remainder when s(11) is divided by ((-3)/(-6))/((-3)/u)?
5
Let y(s) = -s**3 - 6*s**2 + 4*s - 9. Let l(k) = 0*k**2 - 2*k**2 - 2*k + 2*k + 5*k**3 + 3. What is the remainder when l(2) is divided by y(-7)?
11
Let o = 539 - 484. What is the remainder when o is divided by 17?
4
Suppose 4*h + 16 - 4 = 0. Calculate the remainder when 8 + 5 + (h - 0) is divided by 6.
4
Let x = 480 + -291. What is the remainder when x is divided by 64?
61
Suppose 10*w - 11*w - 130 = -f, -4*w = -3*f + 522. What is the remainder when (-5)/((-4)/w*-3) is divided by 14?
13
Suppose 186 = 47*u - 43*u + 2*h, -3*u + 4*h = -123. What is the remainder when 224 is divided by u?
44
Let d(z) = -17*z**3 - 3*z**2 - z**3 - 3*z - 2 + 12*z**3. Calculate the remainder when 14 is divided by d(-1).
2
Let r be ((-74)/6)/((-1)/(-3)). Let g = r + 69. Ca